by 1590.
898
Calculate the remainder when 1790881 is divided by 2076.
1369
What is the remainder when 1567925 is divided by 522615?
80
Calculate the remainder when 607659 is divided by 720.
699
Calculate the remainder when 2329 is divided by 2250.
79
What is the remainder when 235291 is divided by 2335?
1791
What is the remainder when 139593 is divided by 80?
73
What is the remainder when 15064 is divided by 1083?
985
What is the remainder when 5988798 is divided by 1900?
1898
Calculate the remainder when 5013015 is divided by 2504.
7
Calculate the remainder when 281969 is divided by 827.
789
Calculate the remainder when 31932 is divided by 2052.
1152
Calculate the remainder when 318845 is divided by 20499.
11360
Calculate the remainder when 284773 is divided by 173.
15
Calculate the remainder when 1378921 is divided by 10138.
153
Calculate the remainder when 1000500 is divided by 499846.
808
Calculate the remainder when 16803994 is divided by 697.
21
Calculate the remainder when 34765 is divided by 33300.
1465
Calculate the remainder when 5544499 is divided by 48.
19
What is the remainder when 46849 is divided by 1798?
101
What is the remainder when 73048 is divided by 4867?
43
Calculate the remainder when 2080261 is divided by 104004.
181
What is the remainder when 123284 is divided by 30638?
732
Calculate the remainder when 618093677 is divided by 4377.
4376
What is the remainder when 16403 is divided by 3761?
1359
What is the remainder when 51329 is divided by 5383?
2882
Calculate the remainder when 270027 is divided by 2348.
7
What is the remainder when 5085964 is divided by 299168?
108
Calculate the remainder when 3308355 is divided by 41877.
72
What is the remainder when 2305676 is divided by 120?
116
Calculate the remainder when 59875216 is divided by 3326399.
34
What is the remainder when 10946 is divided by 936?
650
What is the remainder when 63973 is divided by 1999?
5
What is the remainder when 119841 is divided by 286?
7
What is the remainder when 1149275 is divided by 209?
193
What is the remainder when 2014590 is divided by 30982?
760
What is the remainder when 2013 is divided by 664?
21
Calculate the remainder when 2596669 is divided by 236059.
20
What is the remainder when 20951214 is divided by 1414?
1390
Calculate the remainder when 510949 is divided by 127725.
49
Calculate the remainder when 23317 is divided by 148.
81
Calculate the remainder when 1621675646 is divided by 64.
62
What is the remainder when 431442 is divided by 30760?
802
Calculate the remainder when 3889147 is divided by 8.
3
Calculate the remainder when 82004 is divided by 26505.
2489
Calculate the remainder when 21617524 is divided by 2161752.
4
Calculate the remainder when 8071 is divided by 7748.
323
What is the remainder when 24763 is divided by 544?
283
What is the remainder when 38438097 is divided by 415?
382
What is the remainder when 321960508 is divided by 190?
188
Calculate the remainder when 674334 is divided by 674290.
44
Calculate the remainder when 2305743 is divided by 95.
93
What is the remainder when 60619 is divided by 2?
1
What is the remainder when 2160645121 is divided by 4268?
4265
Calculate the remainder when 88943 is divided by 44462.
19
Calculate the remainder when 3585919 is divided by 36591.
1
Calculate the remainder when 34699659 is divided by 17349827.
5
What is the remainder when 1068658 is divided by 534236?
186
Calculate the remainder when 66068 is divided by 61130.
4938
Calculate the remainder when 2940831 is divided by 173.
4
Calculate the remainder when 1245689 is divided by 1321.
1307
What is the remainder when 3674139 is divided by 1046?
587
Calculate the remainder when 408238 is divided by 1083.
1030
What is the remainder when 41723 is divided by 1069?
32
Calculate the remainder when 762835 is divided by 831.
808
Calculate the remainder when 15889381 is divided by 100.
81
What is the remainder when 14818990 is divided by 121?
120
What is the remainder when 194743 is divided by 24045?
2383
What is the remainder when 275149 is divided by 464?
461
Calculate the remainder when 46366581 is divided by 15455526.
3
What is the remainder when 26474 is divided by 6567?
206
What is the remainder when 657256 is divided by 38?
8
What is the remainder when 294447 is divided by 16190?
3027
What is the remainder when 2266321 is divided by 485?
401
Calculate the remainder when 1426453 is divided by 713218.
17
What is the remainder when 1136884 is divided by 378930?
94
Calculate the remainder when 2301795 is divided by 5305.
4730
What is the remainder when 5230 is divided by 1532?
634
Calculate the remainder when 148978 is divided by 1956.
322
Calculate the remainder when 2194 is divided by 2149.
45
Calculate the remainder when 64106816 is divided by 258.
8
Calculate the remainder when 12034936 is divided by 899.
23
Calculate the remainder when 1036183 is divided by 7675.
58
What is the remainder when 1297228 is divided by 24474?
106
What is the remainder when 13819261 is divided by 1296?
13
Calculate the remainder when 309086578 is divided by 9582.
4
Calculate the remainder when 908349004 is divided by 14.
10
Calculate the remainder when 1354828 is divided by 222.
184
What is the remainder when 9510108 is divided by 4754993?
122
What is the remainder when 416479 is divided by 741?
37
What is the remainder when 226694 is divided by 2089?
1082
Calculate the remainder when 32398327 is divided by 4478.
4475
What is the remainder when 378815 is divided by 82?
57
Calculate the remainder when 1270857 is divided by 200.
57
Calculate the remainder when 113032401 is divided by 4521296.
1
Calculate the remainder when 2695688 is divided by 12960.
8
What is the remainder when 121290 is divided by 3561?
216
What is the remainder when 106553 is divided by 139?
79
Calculate the remainder when 4970892 is divided by 361.
283
Calculate the remainder when 1099676 is divided by 1099637.
39
Calculate the remainder when 306447907 is divided by 13.
12
Calculate the remainder when 109659955 is divided by 2276.
2275
What is the remainder when 780962 is divided by 78096?
2
What is the remainder when 345241 is divided by 671?
347
Calculate the remainder when 522191 is divided by 33.
32
Calculate the remainder when 5791049 is divided by 1158205.
24
Calculate the remainder when 4535241 is divided by 2267618.
5
Calculate the remainder when 687160 is divided by 1103.
1094
What is the remainder when 159761 is divided by 2157?
143
Calculate the remainder when 4575575 is divided by 17598.
95
Calculate the remainder when 17376 is divided by 4081.
1052
Calculate the remainder when 132850246 is divided by 2.
0
What is the remainder when 1784504 is divided by 876?
92
Calculate the remainder when 338397 is divided by 985.
542
Calculate the remainder when 30428 is divided by 356.
168
Calculate the remainder when 33421 is divided by 790.
241
Calculate the remainder when 42489 is divided by 3268.
5
Calculate the remainder when 97258637 is divided by 23.
9
Calculate the remainder when 22487165 is divided by 279.
44
What is the remainder when 439494 is divided by 87?
57
Calculate the remainder when 9330183 is divided by 8.
7
Calculate the remainder when 25007142 is divided by 102910.
12
What is the remainder when 481175 is divided by 480811?
364
Calculate the remainder when 13903070 is divided by 20.
10
What is the remainder when 8997746 is divided by 430?
426
What is the remainder when 5183506 is divided by 782?
410
Calculate the remainder when 32419 is divided by 1000.
419
What is the remainder when 743883 is divided by 247922?
117
What is the remainder when 1641420 is divided by 6592?
12
What is the remainder when 159046 is divided by 180?
106
Calculate the remainder when 2256326 is divided by 556.
78
Calculate the remainder when 196023 is divided by 188.
127
What is the remainder when 25453 is divided by 16?
13
Calculate the remainder when 14040996 is divided by 3695.
3691
What is the remainder when 133059 is divided by 1104?
579
What is the remainder when 36545929 is divided by 12181972?
13
Calculate the remainder when 47534 is divided by 46361.
1173
Calculate the remainder when 89486220 is divided by 1864296.
12
What is the remainder when 8059845 is divided by 293?
1
C